 + 3*z + 3*u - 37. What is the highest common factor of 24 and z?
8
Suppose 53*s - 926 = 51*s + 2*f, -5*s = 3*f - 2283. What is the highest common factor of 17 and s?
17
Suppose -2*i + 125 = 3*r, 0 = -5*i + 5*r - r + 324. Suppose -52*v = -60*v + i. Calculate the greatest common factor of 56 and v.
8
Let p = -133 - -167. What is the highest common factor of 221 and p?
17
Suppose -3*r + r = -22. Let q be 152/r + (-4)/(-22). Calculate the highest common factor of q and 70.
14
Suppose 0 = 4*i + 12, i + 37 = 3*y - y. Let p(u) = 3*u**3 - 3*u**2 - 1. Let j be p(4). Suppose -2*n + j = -163. Calculate the greatest common factor of n and y.
17
Let q be (-2)/3 + 68/12 + 3. What is the highest common divisor of 256 and q?
8
Suppose 0 = -2*j - 2*j + 16. Suppose j*m = 3*m + 27. Suppose 2*g - m = -4*w + 73, -2*g + 110 = 2*w. Calculate the greatest common divisor of 24 and g.
12
Suppose -684 = -16*a + 884. What is the greatest common divisor of 112 and a?
14
Suppose -34 = -5*j + 91. Let f = 37 - 115. Let s be f/(-8) - 5/(-20). What is the greatest common divisor of j and s?
5
Suppose -2*l = -5*l + 21. Suppose 17 = 3*m - l. Let x be 2/8 + (-765)/(-12). Calculate the highest common factor of m and x.
8
Suppose 3*d - 16 = -d. Suppose 0 = -2*a + 5*z + 421, -5*z = -0*a - d*a + 817. Suppose -148*h + 2662 = -27*h. Calculate the greatest common divisor of a and h.
22
Let u = -18 + 29. Suppose -u*y - 5*y = -2016. What is the greatest common factor of 18 and y?
18
Suppose -y - 2*y + 36 = 0. Suppose 8 = z - y. What is the greatest common divisor of 4 and z?
4
Let y = 102 - 62. Suppose y = j + 4*j. Suppose x + 5*t + 0*t - 40 = 0, 0 = -2*x + 5*t + 20. What is the highest common factor of j and x?
4
Let k = -201 - -316. Let u(r) be the first derivative of -12*r**2 - r - 2. Let t be u(-1). What is the greatest common factor of t and k?
23
Let b(w) = w**2 - 9. Let c be b(8). Let g(d) = 3*d**2 + 71*d - 2. Let u be g(-24). Calculate the greatest common divisor of c and u.
11
Suppose 162 = 3*m - 4*r, -6*r - 275 = -5*m - r. Let y = m + -12. Calculate the greatest common factor of y and 115.
23
Suppose 53*z + 8 = 55*z. Suppose -z*k - k = -480. What is the highest common factor of k and 24?
24
Suppose 5*k - 7*k + 32 = 0. Suppose 5*m = 3*n - k, -2*m = -m - 4. What is the greatest common factor of n and 12?
12
Let x(l) = 1 + l + 0 - 2. Let z be x(5). Let d be (18 - 21) + (0 - -1*7). Calculate the highest common divisor of z and d.
4
Suppose -2*j + 16 = 6. Let c(g) = -4*g + 29. Let n be c(j). What is the highest common divisor of 27 and n?
9
Let m be (-50)/275 - ((-422)/22 - 0). Calculate the highest common factor of 152 and m.
19
Suppose -5*w - 4 = -0*v + v, 16 = 2*w - 4*v. Suppose w = -s + 14 + 2. Let g = -13 + s. Calculate the highest common divisor of 15 and g.
3
Suppose 2*x - 139 + 3639 = 5*h, 4*h - 2800 = 3*x. Calculate the greatest common divisor of 8 and h.
4
Let b = 93 - 31. Let o = 64 - b. What is the highest common factor of 2 and o?
2
Suppose 4*i = -2*i + 120. Let q be (-15)/i + 143/4. What is the greatest common divisor of 7 and q?
7
Let o(a) = 6*a**2 + 8*a + 1. Let t be o(7). Let g = t + -186. Calculate the greatest common divisor of g and 15.
15
Let z(u) = 25*u - 9. Let t be ((-2)/4)/((-5)/30). Let s be z(t). What is the greatest common divisor of s and 44?
22
Let r(s) = -s**2 - 29*s - 118. Let a be r(-23). Calculate the highest common divisor of a and 560.
20
Let n(s) = -5*s - 2. Let u(w) = -4*w - 1. Let p(b) = -5*n(b) + 6*u(b). Let q be p(5). Let o be q/(2 - 3/3). What is the highest common divisor of o and 72?
9
Suppose 163 + 33 = 4*c. Let u be ((-18)/(-15))/(3/15). Let g be 2/(-3) - (-46)/u. Calculate the greatest common divisor of g and c.
7
Suppose 0*g = -3*g + 42. Suppose -p = 2*q - 4*q + 20, 0 = 5*q + p - 43. Suppose 0 = -s + g - q. What is the highest common factor of s and 35?
5
Suppose 2*l - 5*g + 101 = 0, 2*g + 10 = -4*l - 156. Let i = 56 + l. What is the highest common divisor of i and 13?
13
Let i be (-84)/(-49) - 2/(-7). Let o(d) = -d**2 - 9*d - 4. Let b(z) = -3*z + 2. Let a be b(3). Let k be o(a). What is the highest common divisor of k and i?
2
Let p = -144 + 424. What is the highest common divisor of 40 and p?
40
Let y(j) = -j + 52. Let s be y(-4). Calculate the highest common divisor of 91 and s.
7
Suppose 3*b + 191 = 476. Let t be 70576/77 + 9/21. Let w be t/49 + (-2)/(-7). What is the greatest common factor of w and b?
19
Let q = 2 + -2. Let i = q - -9. Let f be -2 - 1*-2*(-45)/(-18). Calculate the highest common divisor of f and i.
3
Suppose -b = -0*b - 5, b + 97 = 3*f. What is the highest common factor of 136 and f?
34
Let t be (-2)/(-13 + 12) + 49 + 3. Calculate the greatest common divisor of t and 3834.
54
Suppose -5*y + 517 = -2*l - l, 3*l - 419 = -4*y. Calculate the greatest common factor of 78 and y.
26
Let o = 21 - 19. Suppose o = d - u, 2*u = -0*u. Suppose -q + 171 = d*q. What is the greatest common factor of q and 38?
19
Let h be (-18)/2*-1*209/11. What is the greatest common divisor of h and 45?
9
Suppose 2*h - 3 = 7. Let p be 15*(4/h)/2. Suppose n = p*n + 2*g - 200, 5*n - g - 200 = 0. What is the highest common divisor of 16 and n?
8
Let t be 1*(-4)/(-12)*0. Let a be 3 + -1 + (t - -2). Calculate the highest common divisor of 2 and a.
2
Suppose -21 = -2*n - 73. Let a = 17 + n. Let r be 11 - 0 - (-6 - a). What is the greatest common divisor of 56 and r?
8
Let p(u) be the first derivative of u**3/3 + 5*u**2 + 12*u + 2. Let a be p(-9). Suppose 2 = a*d - 7. Calculate the greatest common factor of d and 6.
3
Let o(u) = -u - 37. Let s be o(-10). Let h = s + 52. Let r be -15*2*1/(-3). Calculate the greatest common factor of r and h.
5
Let o = 2 + -4. Let h be (-9)/o*(-56)/(-6). Let j = -1388 - -1451. What is the highest common factor of j and h?
21
Suppose 13*f + 715 = 24*f. What is the highest common factor of f and 15?
5
Let x = 148 - -26. Let d = -152 + x. What is the greatest common divisor of 11 and d?
11
Suppose 1003*u - 1002*u = 2064. Calculate the highest common factor of 24 and u.
24
Let l be (17 - 15)/((16/(-78))/(-4)). Calculate the highest common factor of l and 416.
13
Let u(g) = -6*g**2 + 2*g + 2. Let l be u(-2). Let v be l/(-3) + 1/3. Suppose -2*b - 92 = -290. What is the highest common factor of v and b?
9
Let x = 103 + -71. Calculate the highest common divisor of x and 256.
32
Suppose -5*l + 4*l + 13 = 0. Let i be (-20)/130 - (2 - 1939/l). What is the greatest common factor of 21 and i?
21
Let t(d) = d - 4. Let c(r) = -r**3 + 12*r**2 - 11*r + 7. Suppose -4*f + 46 - 2 = 0. Let o be c(f). Let j be t(o). What is the highest common factor of j and 24?
3
Suppose -20 - 8 = -7*n. What is the greatest common factor of n and 2?
2
Let i be (6/(-10))/(4/(-180)). What is the highest common factor of 108 and i?
27
Let b be (6/(-4))/((-17)/34). Let u be 17 + 0 - b/1. Calculate the highest common factor of 126 and u.
14
Let x(u) = u**3 + 4*u**2 - 17*u + 6. Let a be x(-6). Calculate the greatest common factor of a and 117.
9
Let f be (-1)/(-2)*1*-4. Let t be (28/2)/(f/(-1)). Let g(c) = -5*c + 19. Let b be g(-6). What is the highest common divisor of b and t?
7
Suppose 0*a - 132 = -2*n - 2*a, 4*a = -3*n + 194. Let l(j) = 11*j**2 - 10*j + 9. Let r be l(1). What is the highest common divisor of r and n?
10
Suppose 4*d = -4*d. Suppose -l - 4*n = -18, d = 3*l - 0*n + n - 76. Calculate the greatest common factor of 39 and l.
13
Let t = -744 - -762. What is the highest common divisor of 2178 and t?
18
Suppose -8*p + 3*p - 22 = -4*j, 0 = -4*j - 5*p + 2. Suppose 0 = 4*w + l - 11 + j, l + 1 = -w. What is the greatest common divisor of 21 and w?
3
Suppose 0 = -m - 2*m - 4740. Let c = -16 + 26. Let h be m/(-22) + c/55. Calculate the greatest common divisor of h and 8.
8
Let o be 12*(-1)/(-2) + -2. Suppose -3*s - 262 = -o*h + 201, 2*h - 234 = 4*s. Calculate the greatest common factor of 23 and h.
23
Suppose -3*u - 3*m + 429 = 0, 10*u - 11*u + 5*m + 161 = 0. Calculate the greatest common divisor of 2 and u.
2
Suppose -34 = -4*s + 34. Suppose s = 3*w - 1. Let r = w + 16. What is the greatest common factor of r and 11?
11
Let c be 6 + -1 + 1 + 60. Let y = -64 + c. What is the highest common divisor of 44 and y?
2
Suppose 0 = -5*d + 3*b + 437, 0*b = -4*d 